{"id":1933,"date":"2023-08-17T12:08:16","date_gmt":"2023-08-17T10:08:16","guid":{"rendered":"https:\/\/denis-zammit.com\/?page_id=1933"},"modified":"2024-08-24T11:24:57","modified_gmt":"2024-08-24T09:24:57","slug":"autre-ville-xeme-edition","status":"publish","type":"page","link":"https:\/\/denis-zammit.com\/en\/autre-ville-xeme-edition\/","title":{"rendered":"Tenth Contemporary Art Trail"},"content":{"rendered":"<p><\/p>\n\n\n<div class=\"wp-block-image\">\n<figure class=\"aligncenter size-large\"><a href=\"https:\/\/denis-zammit.com\/wp-content\/uploads\/2023\/08\/IMG_20230814_185824_1-scaled.jpg\"><img loading=\"lazy\" decoding=\"async\" width=\"498\" height=\"1080\" src=\"https:\/\/denis-zammit.com\/wp-content\/uploads\/2023\/08\/IMG_20230814_185824_1-498x1080.jpg\" alt=\"X\u00e8me Festival d'Art Contemporain Vaison la Romaine\" class=\"wp-image-1934\" srcset=\"https:\/\/denis-zammit.com\/wp-content\/uploads\/2023\/08\/IMG_20230814_185824_1-498x1080.jpg 498w, https:\/\/denis-zammit.com\/wp-content\/uploads\/2023\/08\/IMG_20230814_185824_1-138x300.jpg 138w, https:\/\/denis-zammit.com\/wp-content\/uploads\/2023\/08\/IMG_20230814_185824_1-768x1665.jpg 768w, https:\/\/denis-zammit.com\/wp-content\/uploads\/2023\/08\/IMG_20230814_185824_1-708x1536.jpg 708w, https:\/\/denis-zammit.com\/wp-content\/uploads\/2023\/08\/IMG_20230814_185824_1-945x2048.jpg 945w, https:\/\/denis-zammit.com\/wp-content\/uploads\/2023\/08\/IMG_20230814_185824_1-6x12.jpg 6w, https:\/\/denis-zammit.com\/wp-content\/uploads\/2023\/08\/IMG_20230814_185824_1-scaled.jpg 1181w\" sizes=\"auto, (max-width: 498px) 100vw, 498px\" \/><\/a><\/figure>\n<\/div>\n\n\n<p class=\"has-text-align-center\">Tenth Contemporary Art Festival Vaison la Romaine<\/p>\n\n\n<div class=\"wp-block-image\">\n<figure class=\"aligncenter size-large is-resized\"><a href=\"https:\/\/denis-zammit.com\/wp-content\/uploads\/2023\/08\/IMG_20230811_113411-scaled.jpg\"><img loading=\"lazy\" decoding=\"async\" width=\"1960\" height=\"904\" src=\"https:\/\/denis-zammit.com\/wp-content\/uploads\/2023\/08\/IMG_20230811_113411-1960x904.jpg\" alt=\"X\u00e8me Festival d'Art Contemporain Vaison la Romaine\" class=\"wp-image-1935\" style=\"width:506px;height:233px\" srcset=\"https:\/\/denis-zammit.com\/wp-content\/uploads\/2023\/08\/IMG_20230811_113411-1960x904.jpg 1960w, https:\/\/denis-zammit.com\/wp-content\/uploads\/2023\/08\/IMG_20230811_113411-300x138.jpg 300w, https:\/\/denis-zammit.com\/wp-content\/uploads\/2023\/08\/IMG_20230811_113411-768x354.jpg 768w, https:\/\/denis-zammit.com\/wp-content\/uploads\/2023\/08\/IMG_20230811_113411-1536x708.jpg 1536w, https:\/\/denis-zammit.com\/wp-content\/uploads\/2023\/08\/IMG_20230811_113411-2048x945.jpg 2048w, https:\/\/denis-zammit.com\/wp-content\/uploads\/2023\/08\/IMG_20230811_113411-18x8.jpg 18w\" sizes=\"auto, (max-width: 1960px) 100vw, 1960px\" \/><\/a><\/figure>\n<\/div>\n\n\n<p class=\"has-text-align-center\">Tenth Contemporary Art Festival Vaison la Romaine<\/p>\n\n\n<div class=\"wp-block-image\">\n<figure class=\"aligncenter size-large is-resized\"><a href=\"https:\/\/denis-zammit.com\/wp-content\/uploads\/2023\/08\/IMG_20230811_113120_1-scaled.jpg\"><img loading=\"lazy\" decoding=\"async\" width=\"498\" height=\"1080\" src=\"https:\/\/denis-zammit.com\/wp-content\/uploads\/2023\/08\/IMG_20230811_113120_1-498x1080.jpg\" alt=\"X\u00e8me Festival d'Art Contemporain Vaison la Romaine\" class=\"wp-image-1936\" style=\"width:512px;height:1110px\" srcset=\"https:\/\/denis-zammit.com\/wp-content\/uploads\/2023\/08\/IMG_20230811_113120_1-498x1080.jpg 498w, https:\/\/denis-zammit.com\/wp-content\/uploads\/2023\/08\/IMG_20230811_113120_1-138x300.jpg 138w, https:\/\/denis-zammit.com\/wp-content\/uploads\/2023\/08\/IMG_20230811_113120_1-768x1665.jpg 768w, https:\/\/denis-zammit.com\/wp-content\/uploads\/2023\/08\/IMG_20230811_113120_1-708x1536.jpg 708w, https:\/\/denis-zammit.com\/wp-content\/uploads\/2023\/08\/IMG_20230811_113120_1-945x2048.jpg 945w, https:\/\/denis-zammit.com\/wp-content\/uploads\/2023\/08\/IMG_20230811_113120_1-6x12.jpg 6w, https:\/\/denis-zammit.com\/wp-content\/uploads\/2023\/08\/IMG_20230811_113120_1-scaled.jpg 1181w\" sizes=\"auto, (max-width: 498px) 100vw, 498px\" \/><\/a><\/figure>\n<\/div>\n\n\n<p class=\"has-text-align-center\">Tenth Contemporary Art Festival Vaison la Romaine<\/p>\n\n\n<div class=\"wp-block-image\">\n<figure class=\"aligncenter size-full is-resized\"><a href=\"https:\/\/denis-zammit.com\/wp-content\/uploads\/2023\/06\/autreville_affiche.jpg\"><img loading=\"lazy\" decoding=\"async\" width=\"1024\" height=\"1024\" src=\"https:\/\/denis-zammit.com\/wp-content\/uploads\/2023\/06\/autreville_affiche.jpg\" alt=\"X\u00e8me Festival d'Art Contemporain Vaison la Romaine\" class=\"wp-image-1849\" style=\"width:512px;height:512px\" srcset=\"https:\/\/denis-zammit.com\/wp-content\/uploads\/2023\/06\/autreville_affiche.jpg 1024w, https:\/\/denis-zammit.com\/wp-content\/uploads\/2023\/06\/autreville_affiche-300x300.jpg 300w, https:\/\/denis-zammit.com\/wp-content\/uploads\/2023\/06\/autreville_affiche-150x150.jpg 150w, https:\/\/denis-zammit.com\/wp-content\/uploads\/2023\/06\/autreville_affiche-768x768.jpg 768w, https:\/\/denis-zammit.com\/wp-content\/uploads\/2023\/06\/autreville_affiche-12x12.jpg 12w, https:\/\/denis-zammit.com\/wp-content\/uploads\/2023\/06\/autreville_affiche-800x800.jpg 800w\" sizes=\"auto, (max-width: 1024px) 100vw, 1024px\" \/><\/a><\/figure>\n<\/div>\n\n\n<p class=\"has-text-align-center\">Tenth Contemporary Art Festival Vaison la Romaine<\/p>\n\n\n\n<p><\/p>\n\n\n\n<div class=\"wp-block-buttons is-content-justification-center is-layout-flex wp-container-core-buttons-is-layout-16018d1d wp-block-buttons-is-layout-flex\">\n<div class=\"wp-block-button has-custom-font-size is-style-outline has-small-font-size is-style-outline--1\"><a class=\"wp-block-button__link has-black-color has-text-color has-link-color has-text-align-center wp-element-button\" href=\"https:\/\/denis-zammit.com\/en\/expositions-2023\/\">Back<\/a><\/div>\n<\/div>","protected":false},"excerpt":{"rendered":"<p>X\u00e8me Festival d&rsquo;Art Contemporain Vaison la Romaine X\u00e8me Festival d&rsquo;Art Contemporain Vaison la Romaine X\u00e8me Festival d&rsquo;Art Contemporain Vaison la Romaine X\u00e8me Festival d&rsquo;Art Contemporain Vaison la Romaine<\/p>","protected":false},"author":2,"featured_media":0,"parent":0,"menu_order":0,"comment_status":"closed","ping_status":"closed","template":"","meta":{"footnotes":""},"class_list":["post-1933","page","type-page","status-publish","hentry"],"_links":{"self":[{"href":"https:\/\/denis-zammit.com\/en\/wp-json\/wp\/v2\/pages\/1933","targetHints":{"allow":["GET"]}}],"collection":[{"href":"https:\/\/denis-zammit.com\/en\/wp-json\/wp\/v2\/pages"}],"about":[{"href":"https:\/\/denis-zammit.com\/en\/wp-json\/wp\/v2\/types\/page"}],"author":[{"embeddable":true,"href":"https:\/\/denis-zammit.com\/en\/wp-json\/wp\/v2\/users\/2"}],"replies":[{"embeddable":true,"href":"https:\/\/denis-zammit.com\/en\/wp-json\/wp\/v2\/comments?post=1933"}],"version-history":[{"count":3,"href":"https:\/\/denis-zammit.com\/en\/wp-json\/wp\/v2\/pages\/1933\/revisions"}],"predecessor-version":[{"id":2157,"href":"https:\/\/denis-zammit.com\/en\/wp-json\/wp\/v2\/pages\/1933\/revisions\/2157"}],"wp:attachment":[{"href":"https:\/\/denis-zammit.com\/en\/wp-json\/wp\/v2\/media?parent=1933"}],"curies":[{"name":"wp","href":"https:\/\/api.w.org\/{rel}","templated":true}]}}

<p></p>


<div class="wp-block-image">
<figure class="aligncenter size-large"><a href="https://denis-zammit.com/wp-content/uploads/2023/08/IMG_20230814_185824_1-scaled.jpg"><img loading="lazy" decoding="async" width="498" height="1080" src="https://denis-zammit.com/wp-content/uploads/2023/08/IMG_20230814_185824_1-498x1080.jpg" alt="Xème Festival d'Art Contemporain Vaison la Romaine" class="wp-image-1934" srcset="https://denis-zammit.com/wp-content/uploads/2023/08/IMG_20230814_185824_1-498x1080.jpg 498w, https://denis-zammit.com/wp-content/uploads/2023/08/IMG_20230814_185824_1-138x300.jpg 138w, https://denis-zammit.com/wp-content/uploads/2023/08/IMG_20230814_185824_1-768x1665.jpg 768w, https://denis-zammit.com/wp-content/uploads/2023/08/IMG_20230814_185824_1-708x1536.jpg 708w, https://denis-zammit.com/wp-content/uploads/2023/08/IMG_20230814_185824_1-945x2048.jpg 945w, https://denis-zammit.com/wp-content/uploads/2023/08/IMG_20230814_185824_1-6x12.jpg 6w, https://denis-zammit.com/wp-content/uploads/2023/08/IMG_20230814_185824_1-scaled.jpg 1181w" sizes="auto, (max-width: 498px) 100vw, 498px" /></a></figure>
</div>


<p class="has-text-align-center">Tenth Contemporary Art Festival Vaison la Romaine</p>


<div class="wp-block-image">
<figure class="aligncenter size-large is-resized"><a href="https://denis-zammit.com/wp-content/uploads/2023/08/IMG_20230811_113411-scaled.jpg"><img loading="lazy" decoding="async" width="1960" height="904" src="https://denis-zammit.com/wp-content/uploads/2023/08/IMG_20230811_113411-1960x904.jpg" alt="Xème Festival d'Art Contemporain Vaison la Romaine" class="wp-image-1935" style="width:506px;height:233px" srcset="https://denis-zammit.com/wp-content/uploads/2023/08/IMG_20230811_113411-1960x904.jpg 1960w, https://denis-zammit.com/wp-content/uploads/2023/08/IMG_20230811_113411-300x138.jpg 300w, https://denis-zammit.com/wp-content/uploads/2023/08/IMG_20230811_113411-768x354.jpg 768w, https://denis-zammit.com/wp-content/uploads/2023/08/IMG_20230811_113411-1536x708.jpg 1536w, https://denis-zammit.com/wp-content/uploads/2023/08/IMG_20230811_113411-2048x945.jpg 2048w, https://denis-zammit.com/wp-content/uploads/2023/08/IMG_20230811_113411-18x8.jpg 18w" sizes="auto, (max-width: 1960px) 100vw, 1960px" /></a></figure>
</div>


<p class="has-text-align-center">Tenth Contemporary Art Festival Vaison la Romaine</p>


<div class="wp-block-image">
<figure class="aligncenter size-large is-resized"><a href="https://denis-zammit.com/wp-content/uploads/2023/08/IMG_20230811_113120_1-scaled.jpg"><img loading="lazy" decoding="async" width="498" height="1080" src="https://denis-zammit.com/wp-content/uploads/2023/08/IMG_20230811_113120_1-498x1080.jpg" alt="Xème Festival d'Art Contemporain Vaison la Romaine" class="wp-image-1936" style="width:512px;height:1110px" srcset="https://denis-zammit.com/wp-content/uploads/2023/08/IMG_20230811_113120_1-498x1080.jpg 498w, https://denis-zammit.com/wp-content/uploads/2023/08/IMG_20230811_113120_1-138x300.jpg 138w, https://denis-zammit.com/wp-content/uploads/2023/08/IMG_20230811_113120_1-768x1665.jpg 768w, https://denis-zammit.com/wp-content/uploads/2023/08/IMG_20230811_113120_1-708x1536.jpg 708w, https://denis-zammit.com/wp-content/uploads/2023/08/IMG_20230811_113120_1-945x2048.jpg 945w, https://denis-zammit.com/wp-content/uploads/2023/08/IMG_20230811_113120_1-6x12.jpg 6w, https://denis-zammit.com/wp-content/uploads/2023/08/IMG_20230811_113120_1-scaled.jpg 1181w" sizes="auto, (max-width: 498px) 100vw, 498px" /></a></figure>
</div>


<p class="has-text-align-center">Tenth Contemporary Art Festival Vaison la Romaine</p>


<div class="wp-block-image">
<figure class="aligncenter size-full is-resized"><a href="https://denis-zammit.com/wp-content/uploads/2023/06/autreville_affiche.jpg"><img loading="lazy" decoding="async" width="1024" height="1024" src="https://denis-zammit.com/wp-content/uploads/2023/06/autreville_affiche.jpg" alt="Xème Festival d'Art Contemporain Vaison la Romaine" class="wp-image-1849" style="width:512px;height:512px" srcset="https://denis-zammit.com/wp-content/uploads/2023/06/autreville_affiche.jpg 1024w, https://denis-zammit.com/wp-content/uploads/2023/06/autreville_affiche-300x300.jpg 300w, https://denis-zammit.com/wp-content/uploads/2023/06/autreville_affiche-150x150.jpg 150w, https://denis-zammit.com/wp-content/uploads/2023/06/autreville_affiche-768x768.jpg 768w, https://denis-zammit.com/wp-content/uploads/2023/06/autreville_affiche-12x12.jpg 12w, https://denis-zammit.com/wp-content/uploads/2023/06/autreville_affiche-800x800.jpg 800w" sizes="auto, (max-width: 1024px) 100vw, 1024px" /></a></figure>
</div>


<p class="has-text-align-center">Tenth Contemporary Art Festival Vaison la Romaine</p>



<p></p>



<div class="wp-block-buttons is-content-justification-center is-layout-flex wp-container-core-buttons-is-layout-16018d1d wp-block-buttons-is-layout-flex">
<div class="wp-block-button has-custom-font-size is-style-outline has-small-font-size is-style-outline--1"><a class="wp-block-button__link has-black-color has-text-color has-link-color has-text-align-center wp-element-button" href="https://denis-zammit.com/en/expositions-2023/">Back</a></div>
</div>

<p>Xème Festival d&rsquo;Art Contemporain Vaison la Romaine Xème Festival d&rsquo;Art Contemporain Vaison la Romaine Xème Festival d&rsquo;Art Contemporain Vaison la Romaine Xème Festival d&rsquo;Art Contemporain Vaison la Romaine</p>
