{"id":1880,"date":"2023-07-04T14:47:36","date_gmt":"2023-07-04T12:47:36","guid":{"rendered":"https:\/\/denis-zammit.com\/?page_id=1880"},"modified":"2024-08-24T11:42:37","modified_gmt":"2024-08-24T09:42:37","slug":"la-remise","status":"publish","type":"page","link":"https:\/\/denis-zammit.com\/en\/la-remise\/","title":{"rendered":"La Remise"},"content":{"rendered":"<div class=\"wp-block-image\">\n<figure class=\"aligncenter size-large is-resized\"><a href=\"https:\/\/denis-zammit.com\/wp-content\/uploads\/2023\/08\/IMG_20230715_163802_22-scaled.jpg\"><img loading=\"lazy\" decoding=\"async\" width=\"1599\" height=\"1080\" src=\"https:\/\/denis-zammit.com\/wp-content\/uploads\/2023\/08\/IMG_20230715_163802_22-1599x1080.jpg\" alt=\"Les Baux de B\u00e9doin du 13 au 30 juillet 2023\" class=\"wp-image-1920\" style=\"width:422px;height:285px\" srcset=\"https:\/\/denis-zammit.com\/wp-content\/uploads\/2023\/08\/IMG_20230715_163802_22-1599x1080.jpg 1599w, https:\/\/denis-zammit.com\/wp-content\/uploads\/2023\/08\/IMG_20230715_163802_22-300x203.jpg 300w, https:\/\/denis-zammit.com\/wp-content\/uploads\/2023\/08\/IMG_20230715_163802_22-768x519.jpg 768w, https:\/\/denis-zammit.com\/wp-content\/uploads\/2023\/08\/IMG_20230715_163802_22-1536x1038.jpg 1536w, https:\/\/denis-zammit.com\/wp-content\/uploads\/2023\/08\/IMG_20230715_163802_22-2048x1383.jpg 2048w, https:\/\/denis-zammit.com\/wp-content\/uploads\/2023\/08\/IMG_20230715_163802_22-18x12.jpg 18w\" sizes=\"auto, (max-width: 1599px) 100vw, 1599px\" \/><\/a><\/figure>\n<\/div>\n\n\n<p class=\"has-text-align-center\">Hamlet Les Baux de B\u00e9doin - from 13th to 30th July<\/p>\n\n\n<div class=\"wp-block-image\">\n<figure class=\"aligncenter size-large is-resized\"><a href=\"https:\/\/denis-zammit.com\/wp-content\/uploads\/2023\/08\/IMG_20230716_175732_2-scaled.jpg\"><img loading=\"lazy\" decoding=\"async\" width=\"1960\" height=\"904\" src=\"https:\/\/denis-zammit.com\/wp-content\/uploads\/2023\/08\/IMG_20230716_175732_2-1960x904.jpg\" alt=\"Les Baux de B\u00e9doin du 13 au 30 juillet 2023\" class=\"wp-image-1922\" style=\"width:428px;height:197px\" srcset=\"https:\/\/denis-zammit.com\/wp-content\/uploads\/2023\/08\/IMG_20230716_175732_2-1960x904.jpg 1960w, https:\/\/denis-zammit.com\/wp-content\/uploads\/2023\/08\/IMG_20230716_175732_2-300x138.jpg 300w, https:\/\/denis-zammit.com\/wp-content\/uploads\/2023\/08\/IMG_20230716_175732_2-768x354.jpg 768w, https:\/\/denis-zammit.com\/wp-content\/uploads\/2023\/08\/IMG_20230716_175732_2-1536x708.jpg 1536w, https:\/\/denis-zammit.com\/wp-content\/uploads\/2023\/08\/IMG_20230716_175732_2-2048x945.jpg 2048w, https:\/\/denis-zammit.com\/wp-content\/uploads\/2023\/08\/IMG_20230716_175732_2-18x8.jpg 18w\" sizes=\"auto, (max-width: 1960px) 100vw, 1960px\" \/><\/a><\/figure>\n<\/div>\n\n\n<p class=\"has-text-align-center\">Hamlet Les Baux de B\u00e9doin - from 13th to 30th July<\/p>\n\n\n<div class=\"wp-block-image\">\n<figure class=\"aligncenter size-large is-resized\"><a href=\"https:\/\/denis-zammit.com\/wp-content\/uploads\/2023\/08\/IMG_20230715_163815_2-scaled.jpg\"><img loading=\"lazy\" decoding=\"async\" width=\"1960\" height=\"904\" src=\"https:\/\/denis-zammit.com\/wp-content\/uploads\/2023\/08\/IMG_20230715_163815_2-1960x904.jpg\" alt=\"Les Baux de B\u00e9doin du 13 au 30 juillet 2023\" class=\"wp-image-1923\" style=\"width:426px;height:196px\" srcset=\"https:\/\/denis-zammit.com\/wp-content\/uploads\/2023\/08\/IMG_20230715_163815_2-1960x904.jpg 1960w, https:\/\/denis-zammit.com\/wp-content\/uploads\/2023\/08\/IMG_20230715_163815_2-300x138.jpg 300w, https:\/\/denis-zammit.com\/wp-content\/uploads\/2023\/08\/IMG_20230715_163815_2-768x354.jpg 768w, https:\/\/denis-zammit.com\/wp-content\/uploads\/2023\/08\/IMG_20230715_163815_2-1536x708.jpg 1536w, https:\/\/denis-zammit.com\/wp-content\/uploads\/2023\/08\/IMG_20230715_163815_2-2048x945.jpg 2048w, https:\/\/denis-zammit.com\/wp-content\/uploads\/2023\/08\/IMG_20230715_163815_2-18x8.jpg 18w\" sizes=\"auto, (max-width: 1960px) 100vw, 1960px\" \/><\/a><\/figure>\n<\/div>\n\n\n<p class=\"has-text-align-center\">Hamlet Les Baux de B\u00e9doin - from 13th to 30th July<\/p>\n\n\n<div class=\"wp-block-image\">\n<figure class=\"aligncenter size-large is-resized\"><a href=\"https:\/\/denis-zammit.com\/wp-content\/uploads\/2023\/07\/Affiche-Les-Baux.jpg\"><img loading=\"lazy\" decoding=\"async\" width=\"774\" height=\"1080\" src=\"https:\/\/denis-zammit.com\/wp-content\/uploads\/2023\/07\/Affiche-Les-Baux-774x1080.jpg\" alt=\"Exposition La Remise - les Baux de B\u00e9doin du 13 au 30 juillet 2023\" class=\"wp-image-1881\" style=\"width:432px;height:603px\" srcset=\"https:\/\/denis-zammit.com\/wp-content\/uploads\/2023\/07\/Affiche-Les-Baux-774x1080.jpg 774w, https:\/\/denis-zammit.com\/wp-content\/uploads\/2023\/07\/Affiche-Les-Baux-215x300.jpg 215w, https:\/\/denis-zammit.com\/wp-content\/uploads\/2023\/07\/Affiche-Les-Baux-768x1071.jpg 768w, https:\/\/denis-zammit.com\/wp-content\/uploads\/2023\/07\/Affiche-Les-Baux-1101x1536.jpg 1101w, https:\/\/denis-zammit.com\/wp-content\/uploads\/2023\/07\/Affiche-Les-Baux-9x12.jpg 9w, https:\/\/denis-zammit.com\/wp-content\/uploads\/2023\/07\/Affiche-Les-Baux.jpg 1434w\" sizes=\"auto, (max-width: 774px) 100vw, 774px\" \/><\/a><\/figure>\n<\/div>\n\n\n<p class=\"has-text-align-center\">Hamlet Les Baux de B\u00e9doin - from 13th to 30th July<\/p>\n\n\n<div class=\"wp-block-image\">\n<figure class=\"aligncenter size-full is-resized\"><a href=\"https:\/\/denis-zammit.com\/wp-content\/uploads\/2023\/07\/depliant.jpg\"><img loading=\"lazy\" decoding=\"async\" width=\"1191\" height=\"850\" src=\"https:\/\/denis-zammit.com\/wp-content\/uploads\/2023\/07\/depliant.jpg\" alt=\"Exposition La Remise - les Baux de B\u00e9doin du 13 au 30 juillet 2023\" class=\"wp-image-1882\" style=\"width:440px;height:314px\" srcset=\"https:\/\/denis-zammit.com\/wp-content\/uploads\/2023\/07\/depliant.jpg 1191w, https:\/\/denis-zammit.com\/wp-content\/uploads\/2023\/07\/depliant-300x214.jpg 300w, https:\/\/denis-zammit.com\/wp-content\/uploads\/2023\/07\/depliant-768x548.jpg 768w, https:\/\/denis-zammit.com\/wp-content\/uploads\/2023\/07\/depliant-18x12.jpg 18w\" sizes=\"auto, (max-width: 1191px) 100vw, 1191px\" \/><\/a><\/figure>\n<\/div>\n\n\n<p class=\"has-text-align-center\">Hamlet Les Baux de B\u00e9doin - from 13th to 30th July<\/p>\n\n\n<div class=\"wp-block-image\">\n<figure class=\"aligncenter size-large\"><a href=\"https:\/\/denis-zammit.com\/wp-content\/uploads\/2023\/07\/1319673-38x6.5x5-Technique-mixte-sur-bois.1-scaled.jpg\"><img loading=\"lazy\" decoding=\"async\" width=\"515\" height=\"1080\" src=\"https:\/\/denis-zammit.com\/wp-content\/uploads\/2023\/07\/1319673-38x6.5x5-Technique-mixte-sur-bois.1-515x1080.jpg\" alt=\"Exposition La Remise - les Baux de B\u00e9doin du 13 au 30 juillet 2023\" class=\"wp-image-1883\" srcset=\"https:\/\/denis-zammit.com\/wp-content\/uploads\/2023\/07\/1319673-38x6.5x5-Technique-mixte-sur-bois.1-515x1080.jpg 515w, https:\/\/denis-zammit.com\/wp-content\/uploads\/2023\/07\/1319673-38x6.5x5-Technique-mixte-sur-bois.1-143x300.jpg 143w, https:\/\/denis-zammit.com\/wp-content\/uploads\/2023\/07\/1319673-38x6.5x5-Technique-mixte-sur-bois.1-768x1609.jpg 768w, https:\/\/denis-zammit.com\/wp-content\/uploads\/2023\/07\/1319673-38x6.5x5-Technique-mixte-sur-bois.1-733x1536.jpg 733w, https:\/\/denis-zammit.com\/wp-content\/uploads\/2023\/07\/1319673-38x6.5x5-Technique-mixte-sur-bois.1-977x2048.jpg 977w, https:\/\/denis-zammit.com\/wp-content\/uploads\/2023\/07\/1319673-38x6.5x5-Technique-mixte-sur-bois.1-6x12.jpg 6w, https:\/\/denis-zammit.com\/wp-content\/uploads\/2023\/07\/1319673-38x6.5x5-Technique-mixte-sur-bois.1-scaled.jpg 1222w\" sizes=\"auto, (max-width: 515px) 100vw, 515px\" \/><\/a><\/figure>\n<\/div>\n\n\n<p class=\"has-text-align-center\">Hamlet Les Baux de B\u00e9doin - from 13th to 30th July<\/p>\n\n\n\n<div class=\"wp-block-buttons is-content-justification-center is-layout-flex wp-container-core-buttons-is-layout-16018d1d wp-block-buttons-is-layout-flex\">\n<div class=\"wp-block-button has-custom-font-size is-style-outline has-small-font-size is-style-outline--1\"><a class=\"wp-block-button__link has-black-color has-text-color has-link-color wp-element-button\" href=\"https:\/\/denis-zammit.com\/en\/expositions-2023\/\">Back<\/a><\/div>\n<\/div>","protected":false},"excerpt":{"rendered":"<p>Les Baux de B\u00e9doin du 13 au 30 juillet 2023 Les Baux de B\u00e9doin du 13 au 30 juillet 2023 Les Baux de B\u00e9doin du 13 au 30 juillet 2023 Les Baux de B\u00e9doin du 13 au 30 juillet 2023 Les Baux de B\u00e9doin du 13 au 30 juillet 2023 Les Baux de B\u00e9doin du [&hellip;]<\/p>\n","protected":false},"author":2,"featured_media":0,"parent":0,"menu_order":0,"comment_status":"closed","ping_status":"closed","template":"","meta":{"footnotes":""},"class_list":["post-1880","page","type-page","status-publish","hentry"],"_links":{"self":[{"href":"https:\/\/denis-zammit.com\/en\/wp-json\/wp\/v2\/pages\/1880","targetHints":{"allow":["GET"]}}],"collection":[{"href":"https:\/\/denis-zammit.com\/en\/wp-json\/wp\/v2\/pages"}],"about":[{"href":"https:\/\/denis-zammit.com\/en\/wp-json\/wp\/v2\/types\/page"}],"author":[{"embeddable":true,"href":"https:\/\/denis-zammit.com\/en\/wp-json\/wp\/v2\/users\/2"}],"replies":[{"embeddable":true,"href":"https:\/\/denis-zammit.com\/en\/wp-json\/wp\/v2\/comments?post=1880"}],"version-history":[{"count":5,"href":"https:\/\/denis-zammit.com\/en\/wp-json\/wp\/v2\/pages\/1880\/revisions"}],"predecessor-version":[{"id":2183,"href":"https:\/\/denis-zammit.com\/en\/wp-json\/wp\/v2\/pages\/1880\/revisions\/2183"}],"wp:attachment":[{"href":"https:\/\/denis-zammit.com\/en\/wp-json\/wp\/v2\/media?parent=1880"}],"curies":[{"name":"wp","href":"https:\/\/api.w.org\/{rel}","templated":true}]}}

<div class="wp-block-image">
<figure class="aligncenter size-large is-resized"><a href="https://denis-zammit.com/wp-content/uploads/2023/08/IMG_20230715_163802_22-scaled.jpg"><img loading="lazy" decoding="async" width="1599" height="1080" src="https://denis-zammit.com/wp-content/uploads/2023/08/IMG_20230715_163802_22-1599x1080.jpg" alt="Les Baux de Bédoin du 13 au 30 juillet 2023" class="wp-image-1920" style="width:422px;height:285px" srcset="https://denis-zammit.com/wp-content/uploads/2023/08/IMG_20230715_163802_22-1599x1080.jpg 1599w, https://denis-zammit.com/wp-content/uploads/2023/08/IMG_20230715_163802_22-300x203.jpg 300w, https://denis-zammit.com/wp-content/uploads/2023/08/IMG_20230715_163802_22-768x519.jpg 768w, https://denis-zammit.com/wp-content/uploads/2023/08/IMG_20230715_163802_22-1536x1038.jpg 1536w, https://denis-zammit.com/wp-content/uploads/2023/08/IMG_20230715_163802_22-2048x1383.jpg 2048w, https://denis-zammit.com/wp-content/uploads/2023/08/IMG_20230715_163802_22-18x12.jpg 18w" sizes="auto, (max-width: 1599px) 100vw, 1599px" /></a></figure>
</div>


<p class="has-text-align-center">Hamlet Les Baux de Bédoin - from 13th to 30th July</p>


<div class="wp-block-image">
<figure class="aligncenter size-large is-resized"><a href="https://denis-zammit.com/wp-content/uploads/2023/08/IMG_20230716_175732_2-scaled.jpg"><img loading="lazy" decoding="async" width="1960" height="904" src="https://denis-zammit.com/wp-content/uploads/2023/08/IMG_20230716_175732_2-1960x904.jpg" alt="Les Baux de Bédoin du 13 au 30 juillet 2023" class="wp-image-1922" style="width:428px;height:197px" srcset="https://denis-zammit.com/wp-content/uploads/2023/08/IMG_20230716_175732_2-1960x904.jpg 1960w, https://denis-zammit.com/wp-content/uploads/2023/08/IMG_20230716_175732_2-300x138.jpg 300w, https://denis-zammit.com/wp-content/uploads/2023/08/IMG_20230716_175732_2-768x354.jpg 768w, https://denis-zammit.com/wp-content/uploads/2023/08/IMG_20230716_175732_2-1536x708.jpg 1536w, https://denis-zammit.com/wp-content/uploads/2023/08/IMG_20230716_175732_2-2048x945.jpg 2048w, https://denis-zammit.com/wp-content/uploads/2023/08/IMG_20230716_175732_2-18x8.jpg 18w" sizes="auto, (max-width: 1960px) 100vw, 1960px" /></a></figure>
</div>


<p class="has-text-align-center">Hamlet Les Baux de Bédoin - from 13th to 30th July</p>


<div class="wp-block-image">
<figure class="aligncenter size-large is-resized"><a href="https://denis-zammit.com/wp-content/uploads/2023/08/IMG_20230715_163815_2-scaled.jpg"><img loading="lazy" decoding="async" width="1960" height="904" src="https://denis-zammit.com/wp-content/uploads/2023/08/IMG_20230715_163815_2-1960x904.jpg" alt="Les Baux de Bédoin du 13 au 30 juillet 2023" class="wp-image-1923" style="width:426px;height:196px" srcset="https://denis-zammit.com/wp-content/uploads/2023/08/IMG_20230715_163815_2-1960x904.jpg 1960w, https://denis-zammit.com/wp-content/uploads/2023/08/IMG_20230715_163815_2-300x138.jpg 300w, https://denis-zammit.com/wp-content/uploads/2023/08/IMG_20230715_163815_2-768x354.jpg 768w, https://denis-zammit.com/wp-content/uploads/2023/08/IMG_20230715_163815_2-1536x708.jpg 1536w, https://denis-zammit.com/wp-content/uploads/2023/08/IMG_20230715_163815_2-2048x945.jpg 2048w, https://denis-zammit.com/wp-content/uploads/2023/08/IMG_20230715_163815_2-18x8.jpg 18w" sizes="auto, (max-width: 1960px) 100vw, 1960px" /></a></figure>
</div>


<p class="has-text-align-center">Hamlet Les Baux de Bédoin - from 13th to 30th July</p>


<div class="wp-block-image">
<figure class="aligncenter size-large is-resized"><a href="https://denis-zammit.com/wp-content/uploads/2023/07/Affiche-Les-Baux.jpg"><img loading="lazy" decoding="async" width="774" height="1080" src="https://denis-zammit.com/wp-content/uploads/2023/07/Affiche-Les-Baux-774x1080.jpg" alt="Exposition La Remise - les Baux de Bédoin du 13 au 30 juillet 2023" class="wp-image-1881" style="width:432px;height:603px" srcset="https://denis-zammit.com/wp-content/uploads/2023/07/Affiche-Les-Baux-774x1080.jpg 774w, https://denis-zammit.com/wp-content/uploads/2023/07/Affiche-Les-Baux-215x300.jpg 215w, https://denis-zammit.com/wp-content/uploads/2023/07/Affiche-Les-Baux-768x1071.jpg 768w, https://denis-zammit.com/wp-content/uploads/2023/07/Affiche-Les-Baux-1101x1536.jpg 1101w, https://denis-zammit.com/wp-content/uploads/2023/07/Affiche-Les-Baux-9x12.jpg 9w, https://denis-zammit.com/wp-content/uploads/2023/07/Affiche-Les-Baux.jpg 1434w" sizes="auto, (max-width: 774px) 100vw, 774px" /></a></figure>
</div>


<p class="has-text-align-center">Hamlet Les Baux de Bédoin - from 13th to 30th July</p>


<div class="wp-block-image">
<figure class="aligncenter size-full is-resized"><a href="https://denis-zammit.com/wp-content/uploads/2023/07/depliant.jpg"><img loading="lazy" decoding="async" width="1191" height="850" src="https://denis-zammit.com/wp-content/uploads/2023/07/depliant.jpg" alt="Exposition La Remise - les Baux de Bédoin du 13 au 30 juillet 2023" class="wp-image-1882" style="width:440px;height:314px" srcset="https://denis-zammit.com/wp-content/uploads/2023/07/depliant.jpg 1191w, https://denis-zammit.com/wp-content/uploads/2023/07/depliant-300x214.jpg 300w, https://denis-zammit.com/wp-content/uploads/2023/07/depliant-768x548.jpg 768w, https://denis-zammit.com/wp-content/uploads/2023/07/depliant-18x12.jpg 18w" sizes="auto, (max-width: 1191px) 100vw, 1191px" /></a></figure>
</div>


<p class="has-text-align-center">Hamlet Les Baux de Bédoin - from 13th to 30th July</p>


<div class="wp-block-image">
<figure class="aligncenter size-large"><a href="https://denis-zammit.com/wp-content/uploads/2023/07/1319673-38x6.5x5-Technique-mixte-sur-bois.1-scaled.jpg"><img loading="lazy" decoding="async" width="515" height="1080" src="https://denis-zammit.com/wp-content/uploads/2023/07/1319673-38x6.5x5-Technique-mixte-sur-bois.1-515x1080.jpg" alt="Exposition La Remise - les Baux de Bédoin du 13 au 30 juillet 2023" class="wp-image-1883" srcset="https://denis-zammit.com/wp-content/uploads/2023/07/1319673-38x6.5x5-Technique-mixte-sur-bois.1-515x1080.jpg 515w, https://denis-zammit.com/wp-content/uploads/2023/07/1319673-38x6.5x5-Technique-mixte-sur-bois.1-143x300.jpg 143w, https://denis-zammit.com/wp-content/uploads/2023/07/1319673-38x6.5x5-Technique-mixte-sur-bois.1-768x1609.jpg 768w, https://denis-zammit.com/wp-content/uploads/2023/07/1319673-38x6.5x5-Technique-mixte-sur-bois.1-733x1536.jpg 733w, https://denis-zammit.com/wp-content/uploads/2023/07/1319673-38x6.5x5-Technique-mixte-sur-bois.1-977x2048.jpg 977w, https://denis-zammit.com/wp-content/uploads/2023/07/1319673-38x6.5x5-Technique-mixte-sur-bois.1-6x12.jpg 6w, https://denis-zammit.com/wp-content/uploads/2023/07/1319673-38x6.5x5-Technique-mixte-sur-bois.1-scaled.jpg 1222w" sizes="auto, (max-width: 515px) 100vw, 515px" /></a></figure>
</div>


<p class="has-text-align-center">Hamlet Les Baux de Bédoin - from 13th to 30th July</p>



<div class="wp-block-buttons is-content-justification-center is-layout-flex wp-container-core-buttons-is-layout-16018d1d wp-block-buttons-is-layout-flex">
<div class="wp-block-button has-custom-font-size is-style-outline has-small-font-size is-style-outline--1"><a class="wp-block-button__link has-black-color has-text-color has-link-color wp-element-button" href="https://denis-zammit.com/en/expositions-2023/">Back</a></div>
</div>

<p>Les Baux de Bédoin du 13 au 30 juillet 2023 Les Baux de Bédoin du 13 au 30 juillet 2023 Les Baux de Bédoin du 13 au 30 juillet 2023 Les Baux de Bédoin du 13 au 30 juillet 2023 Les Baux de Bédoin du 13 au 30 juillet 2023 Les Baux de Bédoin du [&hellip;]</p>
